 4*m = -3*z + 370, 3*m = -12. Suppose -z = -3*v - 2*y, v - 5*y + 2*y = 32. What is the units digit of v?
8
Suppose 0 = 7*v - 92 - 195. What is the units digit of v?
1
What is the tens digit of 42/6 - (0 - 3)?
1
Suppose -3 - 1 = -2*i, -5*q + 5*i = 0. Suppose 4*d - q*d = -8. What is the tens digit of 13 + d - (0 + -1)?
1
Let o = -2 - -20. What is the units digit of o?
8
Suppose 9 + 11 = 5*g. Suppose -x - 3*p = -2*x + 14, -2*p = -4*x + 16. Let a = g - x. What is the units digit of a?
2
Suppose 14 = -j - 0*j. Let h = 26 + j. Suppose -q - 2*k = -7 - h, -5*k + 28 = q. What is the units digit of q?
3
Let w = 0 - -5. Suppose 0 = 2*k + 3*k - w. Suppose k = -0*p + p. What is the units digit of p?
1
Suppose 0*g = -v + g + 16, -5*g = 4*v - 28. What is the units digit of v?
2
Suppose -a - 10 = 4*a. Let p be (2 - 1)*0/a. Suppose -3*y + p = -6. What is the units digit of y?
2
Let u = 113 + -46. Let m = u - 44. What is the tens digit of m?
2
Suppose -4*p + 5*l = -10 + 66, -3*p - 5*l - 7 = 0. What is the tens digit of (-3)/((4/p)/4)?
2
Let k(z) = z + 22. What is the units digit of k(11)?
3
Let z = 48 + -17. Suppose 0 = t - 5 - z. What is the units digit of t?
6
Suppose 3*s = 15, 5*v = 3*s + 595 - 35. What is the tens digit of v?
1
Let d(x) = 33*x + 1. Let w be d(-1). Let b = -20 - w. What is the tens digit of b?
1
Let j(b) = b**3 + b**2 + 3. Let f(k) = -2*k**3 - 3*k**2 - k - 6. Let g(p) = -4*f(p) - 7*j(p). Let c = -5 - -3. What is the units digit of g(c)?
7
Let y = 515 - 923. What is the tens digit of ((-1)/2)/(12/y)?
1
Suppose -k = -0*k - 2. Let v be -2 - (-22 - (k + -2)). Suppose 3*p + p - 31 = -3*g, -3*p + g = -v. What is the units digit of p?
7
Let q(i) = -i - 2. Let p be q(-6). Let v(l) = l**2 - 2*l. What is the units digit of v(p)?
8
Let y = -4 + -2. What is the units digit of (2/y)/(9/(-189))?
7
Let t(w) = 6*w**3 - 6*w - 4. Let g(q) = 5*q**3 + q**2 - 5*q - 4. Let k(u) = 7*g(u) - 6*t(u). What is the units digit of k(7)?
3
Let t = -31 - -57. Suppose f - 3*f = 3*i - t, f = 2*i - 8. What is the units digit of i?
6
Suppose 2*r = -2*j - 30, 3*j + 57 = -4*r + 9. Let y = 52 + j. What is the units digit of y?
0
Suppose 9 = 4*n + t - 25, n - 2 = 3*t. What is the tens digit of (-25 + -3)*(-10)/n?
3
Let m = 6 + -12. What is the units digit of (-9)/((-1)/m*-2)?
7
Let d(y) be the first derivative of y**4/4 + 2*y**3 + 8*y - 3. What is the units digit of d(-6)?
8
Suppose 5*m + 4*i = 6 + 18, i = 5*m - 19. Let x(n) = 3 + 4*n + 0*n**2 + n**2 + m. What is the units digit of x(-6)?
9
Suppose 2*z - 1 = q, 0*q = 3*q - 4*z - 1. Let h(t) = -t + 7. Let r be h(q). Suppose r*w - w = 18. What is the units digit of w?
6
Let m(h) = 2*h**2 - h + 2. Let f(a) = 3*a**3 - a**2 + 1. Let s be f(1). What is the tens digit of m(s)?
1
Suppose -4*t + 261 - 29 = 0. What is the units digit of t?
8
Suppose -13 = -2*f - 5*u + 3, f - 9 = -3*u. Suppose -f*c = -12 - 12. What is the units digit of c?
8
Let w = 7 - 4. Suppose 23 = w*l - 28. What is the tens digit of l?
1
Suppose c - 4*t + 11 = 0, 10 = 3*c + t + 4. Let g be -1*1/c - -3. Suppose 26 + 14 = g*r. What is the tens digit of r?
2
What is the units digit of (101*1/(-4))/(2/(-8))?
1
What is the units digit of (-22)/(-3) - (-4)/(-3)?
6
Suppose 73 = -5*a + 23. What is the units digit of (8/a)/(2/(-20))?
8
Suppose 0 = -2*d - 3*d. Let t = 3 - d. What is the units digit of (t/(-6))/(2/(-36))?
9
Let h = 61 + -37. What is the units digit of 2/(-8) - (-126)/h?
5
Let q be (-3)/(-9) - (-94)/6. Suppose -q + 51 = w. Let k = -15 + w. What is the tens digit of k?
2
Suppose 2*p + v - 14 = 0, -p - 4*v + 11 = -2*p. Suppose 10 - p = 5*o. What is the units digit of o?
1
Let o be (-2)/5 - 8/5. Let p = o + 7. What is the units digit of p?
5
Suppose 4*f - 471 = -5*s, -1 - 230 = -2*f - s. Suppose 7*q = 4*q - 3, -5*o = -4*q - f. What is the tens digit of o?
2
Suppose 2*n - 9 = 11*n. Let p be (2 + 58)*6/5. What is the units digit of p/15 - n/5?
5
Let f = -18 + 40. What is the units digit of f?
2
Suppose -8*m + 4*m + 24 = 0. What is the units digit of m?
6
Let g be 10/8 + 3/(-12). What is the units digit of (g - 4)/((-21)/14)?
2
Suppose -2*k = 5 - 3. Let v = 4 + k. Suppose v*d + j - 2*j = 39, -5*d = 3*j - 65. What is the units digit of d?
3
Suppose v - 2*v + 148 = -5*z, -3*z - 140 = -v. Suppose 28 = -5*s + v. What is the tens digit of s?
2
Suppose -2*a = -v + 7, 0*a + 7 = -a + 4*v. Let q = 3 - a. What is the units digit of q?
6
Suppose 0*u - 4*u + 124 = 0. What is the tens digit of u?
3
Let s = -3 + 5. Let a = 22 + s. What is the tens digit of a?
2
Let f = 6 - 10. Let x be 0 + 1 + f - -3. Suppose x = -4*r, -5*z = -3*z + 2*r - 12. What is the units digit of z?
6
Suppose 2*v - g - 71 = -4*g, -2*g = -v + 46. What is the units digit of v?
0
Suppose 4*t = 2*t + 42. What is the units digit of t?
1
Let u be (-3)/3*-1*55. Suppose 14 = o - s, 6*o - 5*s = 2*o + u. What is the units digit of o?
5
Let o(v) = -v - 14. Suppose -3*s - 3*r - 36 = 0, s - 2*s + 12 = -5*r. Let g be o(s). What is the tens digit of 3/(-2) + (-129)/g?
2
Suppose -2*b = 30 - 84. What is the units digit of b?
7
Let t be -3 - -94 - (-2 - -3). Suppose 0 = -3*k - 3*k + t. What is the units digit of k?
5
Let b be 0/(-2*2/4). Suppose -4*p + 8 = -2*r - b*p, -p = 5*r + 42. Let g(w) = -2*w - 3. What is the units digit of g(r)?
3
Let r(j) = j**2 - j - 5. Let x(y) = y**2 - 6. Let v be x(0). What is the tens digit of r(v)?
3
Let a = 5 - -2. Let v = a + -6. What is the units digit of v?
1
Suppose 0 = -m - 2*m + 3. What is the units digit of m?
1
Let q(s) = s**3 - 11*s**2 + 11*s + 20. What is the units digit of q(10)?
0
Suppose h = 2*m - 6 + 1, -h = -5. Suppose -m*y - 2*l = -24, 3*l - 45 = -5*y - 19. Suppose 0 = 4*b - y*s - 16, 0 = s + 2*s + 9. What is the units digit of b?
1
Suppose -17 = -2*g + 253. What is the units digit of g?
5
Let h be 18*(0 - 2/4). Let p = h + 21. What is the tens digit of p?
1
Let i(x) = x**2 - x + 33. Let k = 2 - 2. Let l be i(k). Suppose o - 22 = -2*g, -3*g - 3*o - o = -l. What is the units digit of g?
1
Let c(q) = q**3 - 7*q**2 + 5*q + 4. Let l be c(6). What is the tens digit of l + (-2)/(-1) - -11?
1
Let j(y) = -3*y + 4. What is the tens digit of j(-6)?
2
Suppose 3*g + 52 = 5*y - 188, -5*y = -g - 90. Let p = 24 + g. What is the units digit of p/(-9) - (-4)/(-6)?
5
Let i = 13 - 7. Let d = 10 - i. What is the units digit of d?
4
Let k = 411 - 133. What is the units digit of k?
8
Let a = 101 - 48. What is the tens digit of a?
5
Let g be 18/27*6/(-1). What is the tens digit of g/3 - 40/(-3)?
1
Let i(q) = q**2 + 4*q - 16. What is the tens digit of i(-12)?
8
Let j(h) = 7*h**2 + 6*h + 10. Let r(v) = -20*v**2 - 18*v - 30. Let z(u) = -17*j(u) - 6*r(u). What is the tens digit of z(-9)?
3
What is the units digit of 2 + 5 - 0/(-2)?
7
Suppose y = -5*r - 34, -2*r + 3*y = 5 + 12. Let a = -1 - r. What is the units digit of a?
6
Let y(f) = -f**3 + f**2 + f + 4. Let n be y(0). Suppose 5*h - 4 = h + 2*t, -n*h + t = 0. What is the units digit of (h - 3)/(-3 + 1)?
2
Let s(c) = c**2 - 2. Let h be s(3). Suppose -3*a - l + 9 = 3*l, -2*a - 4*l + 6 = 0. Suppose -a - h = -2*w. What is the units digit of w?
5
Let n = 27 - 23. What is the units digit of n?
4
Let o be 6/12*2*72. Let d = o - 40. What is the units digit of d?
2
Let a = 23 - 15. What is the units digit of a?
8
Let b be (4/(-3))/(5/((-60)/8)). Let m(x) = -x - 6. Let v be m(-6). Suppose v = 4*j + 3*f - 86, -5*j + 73 = -b*f - 23. What is the tens digit of j?
2
Let y(u) = -u. Let d be y(4). Let w = d - -9. Suppose -5*a = r - 38, 0 = w*a + r - 5*r - 23. What is the units digit of a?
7
Let t(l) = 2*l + 24. What is the units digit of t(-7)?
0
Let h(n) = 3*n - 1. Let x be h(1). Let w be ((-8)/(-16))/(x/16). Suppose 0*v + w*v - 20 = 4*q, -4*q = -3*v + 15. What is the units digit of v?
5
Suppose 0*l = 5*q + 4*l - 227, 0 = 2*l + 4. Suppose 4*f - q = r, -2*r = -2*f + 2*r + 20. What is the tens digit of f?
1
Suppose 2*k + 5*s = -0*k + 93, -4*s + 122 = 3*k. What is the units digit of k?
4
Suppose l + 9 = 4*i, 0 = 5*i - 5*l - 5 - 10. Suppose 0 = -i*f + 3*f - p - 7, -4*p - 16 = -f. What is the units digit of f?
4
Let s be 0 + 1 + 0/(-1). Let v = 5 - s. Let h = 10 - v. What is the units digit of h?
6
Suppose -h - 4 = -8. Suppose 8*j + 4 = 4*j, 0 = -h*n - j + 23. What is the 